te the greatest common divisor of l and 42.
14
Let j = -30 + 31. Suppose j + 6 = 7*s. What is the highest common factor of 8 and s?
1
Suppose 4*t - 56 - 32 = 0. Let d(j) = 27*j - 1. Let h(z) = -1. Let u(v) = d(v) - 3*h(v). Let r be u(4). What is the greatest common divisor of t and r?
22
Suppose 5*v = -5, -r - 5*v + 0*v = -75. Let f(x) = 13*x**2 + 466*x - 40. Let o be f(-36). What is the highest common divisor of o and r?
16
Let j(o) = -5 + 27*o**2 - 22*o**2 - 8*o + o**3 + o**3 - o**3. Let p be j(-6). What is the highest common divisor of 14 and p?
7
Suppose -3*c + 228 = -3*s, -340 = s + 3*s + 5*c. Let l = 147 + s. Suppose 0 = -4*r + 101 + l. Calculate the highest common factor of r and 6.
6
Let l be 1632/9 + (-52)/12 + 5. Let g = l - 146. What is the highest common factor of g and 90?
18
Let h = 84 - 46. Let i = h + -23. Calculate the highest common factor of 165 and i.
15
Let i be 35 - (-4 + 6)*1. Suppose -276 = -2*w + 5*x - x, w - 144 = 4*x. What is the greatest common factor of w and i?
33
Suppose -2*d + 200 = u + 2*u, -5 = d. Let t = u + -35. Let a be 6 + -2 + 1 + 2. Calculate the greatest common divisor of t and a.
7
Suppose 3*h = 5*v + 25 - 8, 6 = -h + 4*v. Calculate the greatest common divisor of h and 161.
7
Let p = -35 + 67. Let a = 680 - -184. Suppose 4*s - s - a = 0. Calculate the highest common factor of p and s.
32
Let g = -1400 - -1675. Calculate the greatest common factor of 50 and g.
25
Let d(j) = -4*j**2 + 7*j + 77. Let c be d(5). Calculate the greatest common factor of 828 and c.
12
Let a be 5/((-75)/(-10)) - (-746)/6. Let y be (a/5)/(6/24). Calculate the highest common factor of 20 and y.
20
Let a = -3 + 1. Let o be (5 + (1 - 2))/a. Let r be (0 - -2) + o + 7. Calculate the greatest common factor of r and 56.
7
Suppose 105 = -17*o + 22*o. Suppose 4*h + 3 - 25 = -5*g, -h + 4*g = 5. Calculate the highest common factor of h and o.
3
Let a = -170 - -604. Calculate the greatest common divisor of 28 and a.
14
Let m = 18 + -20. Let o be (15 - 9)*(-2)/m. What is the highest common factor of o and 9?
3
Let o(a) = a + 182. Let l be o(13). Calculate the highest common factor of l and 65.
65
Let w be ((-6)/9)/((-4)/(-246)). Let f = w - -67. Calculate the greatest common divisor of f and 130.
26
Let w = 1944 - 1925. What is the highest common factor of 133 and w?
19
Suppose -51*w + 62*w - 2970 = 0. What is the greatest common divisor of w and 25?
5
Let d be 61/1 - (-1 + 1). Let z be d/5 - 5/25. What is the highest common divisor of z and 48?
12
Let j(o) = 4 + 4*o - 14 + 5 - 12 + o**2. Let d be j(-7). Suppose d = y + 2, 4*v = -y + 326. Calculate the highest common factor of v and 9.
9
Let f(j) = 11*j**2 - 4*j - 3. Let v be (-21)/(-28) + (-57)/12. Let l be f(v). What is the greatest common factor of 21 and l?
21
Suppose 0 = -4*q + 2 + 2. Let k be (-67 - -1)/(-3) + q. Suppose 4 = 2*a, 5*a - 97 = -4*m - k. Calculate the highest common divisor of m and 96.
16
Suppose 6*k = 2*k + 8. Let y be (-2 - k)*(-4)/1. Let v(j) = 2*j**2 + 3*j - 7. Let d be v(-9). Calculate the highest common divisor of y and d.
16
Suppose -6 + 20 = s. What is the greatest common divisor of s and 21?
7
Let q(b) = 6*b + 72. Let o be q(-11). What is the highest common divisor of 72 and o?
6
Let t(v) = -19*v - 3. Let l be t(-3). Let p(u) = -u**3 + 5*u**2 + 4*u - 9. Let f be p(5). Let m = 7 + f. What is the greatest common factor of l and m?
18
Let h = -17 - -39. Suppose 2*b - 58 = -h. Let x = 19 - -26. What is the greatest common divisor of x and b?
9
Suppose -4*o = 3*h - 133 + 8, -o - 192 = -4*h. What is the highest common factor of h and 141?
47
Suppose 0*s - 2*h - 197 = -5*s, -3*h = 3*s - 114. Suppose 7*i - 24 = s. What is the greatest common divisor of i and 18?
9
Suppose -3*l = 3*r + 77 - 215, -3*r + 137 = 4*l. Suppose r = 5*x - 43. Let q = x + -9. Calculate the greatest common divisor of 6 and q.
3
Let a be (-626 + -2)/((0 - -2)/(-1)). Suppose 2*d = 4*w - 0*d - a, 0 = 2*w + 5*d - 175. Let m = -75 + 107. What is the greatest common factor of m and w?
16
Let l(m) = -2*m**2 + 2. Let i be l(2). Let g be 1/i*-3*90. Let k be 1989/g - (-1)/(-5). Calculate the highest common factor of k and 11.
11
Suppose -8*r = 97 - 193. What is the highest common divisor of r and 21?
3
Let b = 241 + -222. What is the greatest common divisor of 171 and b?
19
Let q = -8 - -16. Let a = q - -64. What is the greatest common factor of a and 8?
8
Let m be (6/(-12))/((-3)/(-192)). Let l = -32 - m. Suppose l = 3*w - 7*w - 12, 2*j + 4*w = 32. Calculate the greatest common factor of j and 55.
11
Let b(d) be the third derivative of -d**5/60 + d**4/3 + d**3/6 - d**2. Let x be b(4). Suppose 72 = x*u - 13*u. What is the highest common divisor of u and 2?
2
Suppose -18*y + 186 = -12*y. What is the greatest common factor of 217 and y?
31
Let j be (1 + -1 - 0) + 3. Let i = -4 - j. Let g be (-4608)/(-28) + (-3)/i. What is the greatest common divisor of 15 and g?
15
Let f(p) = 3*p - 1. Suppose -2*m + m - 27 = -5*x, 4 = -2*m. Let k be f(x). Let n(g) = 6*g - 27. Let r be n(8). What is the highest common divisor of r and k?
7
Let x = 29 + -33. Let z be x/(6/(-2) + 2). Suppose -3*c + z*l + 151 = 0, 3*l = -3*c - 0*c + 123. What is the highest common factor of 5 and c?
5
Let l be (3/(-6))/(1/(-8)). Suppose 3*t + l = 43. Let v = 19 + -6. Calculate the highest common factor of t and v.
13
Let b be (-1317)/(-27) + 4 + (-170)/45. What is the highest common factor of b and 49?
49
Let l = 41 + -22. Suppose -11*c = -10*c + 597. Let n = -426 - c. Calculate the greatest common divisor of l and n.
19
Suppose -216 = 2716*n - 2725*n. Calculate the highest common divisor of 2616 and n.
24
Suppose 4*b - u - 92 = 0, 16 = -14*u + 18*u. Calculate the greatest common factor of 8 and b.
8
Let t be (1/(7 - 9))/(2/(-28)). What is the highest common divisor of 9 and t?
1
Suppose -q + 3*q = -36. Let n be (-105)/q + 1/6. Suppose 2*g = 5*j - 126, 5*j - 3*g = 104 + 25. Calculate the highest common divisor of n and j.
6
Let l = -20 - -56. Suppose -22*g + 781 = 187. Calculate the greatest common factor of g and l.
9
Let f(b) = 7*b - 3 + 7*b - 24*b + 6*b. Let d be f(-3). What is the highest common divisor of 36 and d?
9
Suppose -1 = v + 5*w, -2*v + 2 = 4*w - 2. Suppose -21*x + 12*x = -18. What is the highest common factor of x and v?
2
Let g be ((0 + 1)*3)/((-84)/2128). Let l = g - -77. What is the greatest common factor of 7 and l?
1
Suppose 2*q = -0 + 2, -4*q = -u - 2. Suppose -3*o + 251 = a, u*o - 5*a = -0*o + 156. Let n = o - 47. Calculate the highest common divisor of 24 and n.
12
Suppose 0 = -69*b + 1610 + 1219. Calculate the highest common divisor of b and 574.
41
Let c be (-120)/(-36) - (-2)/(-6). Suppose -10 = -2*l - 3*h, -c*h = 5*l - h - 47. Calculate the greatest common divisor of l and 99.
11
Let i be ((-4)/(-6))/(1/87). Let d = -31 + i. Calculate the greatest common divisor of d and 81.
27
Let l(z) = z**3 - 25*z**2 - 23*z - 52. Let x be l(26). What is the highest common divisor of x and 2119?
13
Let c be -1*-13*1 + 11 + -12. Suppose 16*d - c*d - 48 = 0. Calculate the greatest common divisor of 2 and d.
2
Let r(i) = -i**3 - 2*i**2 - 6*i - 3. Let j be r(-3). Suppose 0 = 2*g - 5*k - 26, -61 = -5*g + 4*k + 21. What is the highest common factor of j and g?
6
Suppose -4*c = 5*j - 131, 0 = 5*j + 7*c - 2*c - 130. Let p be (-6)/(-81)*3 + 399/j. Calculate the greatest common factor of p and 75.
15
Let y = -10 + 18. Suppose y = -3*t - t. Let m be (1/t)/((-4)/128). What is the highest common factor of 4 and m?
4
Let d = -93 - -195. What is the highest common factor of 51 and d?
51
Suppose 330*f - 339*f = -1116. What is the highest common factor of 310 and f?
62
Suppose 38 = 11*t - 9*t. Let s(k) = -53*k - 3. Let f be s(-4). What is the greatest common factor of t and f?
19
Suppose -2*q - 2*q = -8. Suppose 4*h - 3*j - 9 = 0, -q*j + 0 = 3*h - 28. Calculate the greatest common divisor of h and 42.
6
Let x(v) = 8 - 34 - 4*v - 17. Let o be x(-22). Let c(t) = -7*t + 1. Let w be c(-2). Calculate the highest common factor of o and w.
15
Suppose 0 = -3*t + 4*t - 5, 0 = -3*h + 4*t + 727. Let g = -153 + h. What is the greatest common factor of g and 24?
24
Suppose 59 + 37 = 16*l. Suppose -k = 2*s + 4*k - 58, 3*k = 6. Calculate the highest common divis